Is (-5 - (4 - 7))*5966/(-4) a composite number?
True
Suppose p + 2 = 10. Suppose -p*f - 3935 = -13*f. Is f a composite number?
False
Is ((-1618)/(-4))/(35/210) a prime number?
False
Suppose -2*c = -4*p + 43634, 0 = -p + 5*p + 4*c - 43640. Is p prime?
True
Let p(k) = 18*k**2 + 37*k - 145. Is p(32) a composite number?
False
Let i = 36832 + 10219. Is i composite?
False
Suppose 318 = -2*g + 1294. Suppose -12*p + g + 748 = 0. Is p a composite number?
False
Let r(a) = -4*a + 2*a**3 + 1 + 11*a**2 + 0 - 3*a. Let o = -247 + 255. Is r(o) a prime number?
False
Let k = 10 + -6. Suppose -2*g = 6, k*o + 15 = 3*g - 24. Is ((-6)/o)/((-2)/(-2524)) prime?
True
Is (-12 - -1 - 0) + 15028 prime?
True
Suppose -29 = -2*f + c - 6*c, 9 = -3*f + 3*c. Suppose 11*m - 115 = -12*m. Suppose m*x + f = 357. Is x composite?
False
Let m(x) = 3*x**3 + x**2 - 7*x + 13. Suppose -10*j = -25 - 35. Is m(j) a composite number?
True
Let v(b) = -b**2 - 12*b - 16. Let i be v(-10). Suppose -3*a = i*l - 1269, 0*l = -5*a - 4*l + 2123. Is a a prime number?
False
Let y(d) = -7*d + 2. Let g(j) = -4*j + 1. Let w(o) = -11*g(o) + 6*y(o). Let r(z) = -4*z - 3. Let f(a) = -4*r(a) - 7*w(a). Is f(4) prime?
True
Let v be -876*((-28)/(-8) + (-2 - 0)). Let n = -407 - v. Is n prime?
True
Is 3 + 2 + -4 + 298 a prime number?
False
Let t(j) = -j**2 + 10. Let c be t(0). Let h be (-5)/c*(-11 + 3). Is 192*(-3 + h) + -1 a composite number?
False
Suppose -3*m = -4*m + 2*y + 28, 0 = 3*m - 3*y - 84. Is (-15)/35 + 33976/m a prime number?
True
Let a(i) = 447*i**2 + i - 1. Let v be a(1). Suppose 3*f - 447 = 2*r - 3*r, -v = -3*f - 3*r. Is f prime?
True
Let i be 2/12 + 19135/30. Suppose h - i = -57. Is h prime?
False
Let l be 3 + -1 + 0 - 5*-210. Let v be -2 - (420 + 4/(-4)). Let a = v + l. Is a a prime number?
True
Let h(x) = -2*x**2 + 13*x + 7. Let l be h(7). Suppose 9*r - 1902 - 2175 = l. Is r composite?
True
Suppose u = 5*h - 3*u - 6864, 3*u = -h + 1369. Let g = h - 731. Suppose 4*b = 5*b - g. Is b a prime number?
True
Let t(o) = 10*o + 47. Is t(-4) a composite number?
False
Suppose -13*v = -25*v + 281964. Is v a composite number?
False
Suppose 10 = 2*y, 0 = -l - 5*y + 17 + 12. Suppose b = 4*f - 1675, l*f + 3*b = b + 1678. Is f a composite number?
False
Suppose -15 = 3*u - 51. Is -919*(2 - u/4) a composite number?
False
Suppose 113*j = 121*j - 347128. Is j prime?
True
Suppose 57793 = 3*i + 2*m, 12*m - 11*m = -4*i + 77054. Is i a prime number?
False
Let a = 18 + 1968. Suppose a = 5*b + b. Is b a composite number?
False
Suppose w - 5*w = 0. Suppose w = -4*t + z + 369, 12 = -2*z + 2. Is t prime?
False
Let a = -11236 + 20475. Is a a prime number?
True
Is (6/(-15))/(((-60)/9925)/6) a prime number?
True
Let q(o) = 5*o**2 - 8*o + 21. Let d be q(-8). Suppose -s + 218 = -d. Is s a composite number?
True
Let x(d) = -3*d**3 + 4*d**2. Let v(m) = -10*m**3 + 11*m**2 + m + 1. Let n(z) = -2*v(z) + 7*x(z). Let w be n(5). Suppose 0 = w*t - 8*t - 50. Is t a prime number?
False
Let a(m) = -m**3 + m**2 - 9*m + 691. Is a(0) prime?
True
Let w = -50 - -49. Is ((-37)/(-4))/(((-3)/132)/w) composite?
True
Let p(g) = -g**3 + g**2 - g. Let l be p(0). Let m(d) = -d**2 + 39. Is m(l) composite?
True
Let t be (-1 - (-3)/5)*-2775. Suppose 0*r + 3210 = 6*r. Suppose 5*g - t - 190 = -5*c, -r = -2*c + 3*g. Is c composite?
False
Let m = -67 + 40. Is 6/m + 28/(-36) - -398 prime?
True
Let a = -32928 + 49531. Is a prime?
True
Suppose -4*l = 238 - 1374. Suppose -1884 = -c - 3*c. Let u = c - l. Is u a composite number?
True
Is (1648 - -81) + (-6)/(-1) prime?
False
Suppose -4*x - 14 = -m, -2*m + 2 + 70 = 3*x. Suppose 6*d + 6 = m. Suppose 5*i = 2*y + 26 + 1413, d*i - y = 1150. Is i composite?
True
Is 0 - 3 - (-25 + 11 + -132996) composite?
True
Suppose -5*a = -3*y + 69 + 1446, 909 = -3*a - y. Let s = 3 - 7. Is -2*(2 + s) - a a composite number?
False
Let o = 8 - 8. Suppose -w + 766 = 3*f, f - 267 = -o*f + 2*w. Is f prime?
True
Let b(a) = -a - 2. Let t be b(-10). Let v(k) = -k**2 + 17*k + 11. Is v(t) a composite number?
False
Suppose 0 = 13*b + 22*b - 48895. Is b prime?
False
Suppose -o - 9 = -2*k + 4, 2*k - 3*o - 23 = 0. Is k - (-2)/((-4)/(-1262)) prime?
False
Suppose -3*r = 6*m - 3*m - 522, -r + 705 = 4*m. Is m composite?
True
Let g = 0 + 4. Let t(f) be the third derivative of f**5/30 + f**4/8 + f**3/3 - f**2. Is t(g) prime?
False
Let g(s) = 6283*s**2 - 23*s - 27. Is g(-2) composite?
True
Suppose -2*b = 2*b + 1264. Let c = b + 203. Is ((2 - c) + -2)/1 a composite number?
False
Let z(r) = -1462*r - 241. Is z(-5) a prime number?
True
Let j be 1*3 + (423 - 9/(-3)). Let a = -218 + j. Is a prime?
True
Suppose -3*n + 4*t = -2, n + t - 2*t - 1 = 0. Let u be ((-8)/(-3))/(n/255). Suppose -2*c + 166 = 4*a, -c = 3*c + 4*a - u. Is c composite?
True
Let m(w) = -162*w + 9. Let v be m(6). Let y = 455 + v. Let i = -243 - y. Is i a prime number?
False
Let f = -4 + 2. Let o be 222*(0 + f/2). Is ((-2)/(-6))/((-2)/o) prime?
True
Let w = -1761 + 2719. Suppose 0 = 8*l - 1178 - w. Is l a prime number?
False
Let p = 4755 + 3898. Is p prime?
False
Let l = -15 - -15. Let h = l - -3. Suppose h*d - 12 = 183. Is d prime?
False
Let s(a) = 44*a**2 - 28*a + 169. Is s(7) prime?
True
Let u(t) = -10*t - 7. Let n be u(6). Suppose 1164 = 16*p - 836. Let m = n + p. Is m prime?
False
Suppose 0 = 14*d - 38*d + 186936. Is d a composite number?
False
Suppose -n - 29*y + 25*y = -15807, -y = -4*n + 63262. Is n a prime number?
False
Let c(i) = i**3 + 8*i**2 - i - 5. Let l be c(-8). Suppose 0 = -4*x + 2*m - 4*m + 1396, l*m = 12. Is x composite?
False
Let s = 3 + 2. Suppose -m + 4 = -6*m + 3*i, 2*i = -s*m + 11. Let n(j) = 15*j**3 + j**2 - 1. Is n(m) prime?
False
Let q(z) = -3*z**2 + 14*z**2 + 4 - 2*z - 7 - 2. Is q(6) prime?
True
Suppose -5048 = y - 3*y. Let j = 131 - 123. Suppose -4*c - y = -j*c. Is c a composite number?
False
Let x = 3059 - 5042. Let b = 2870 + x. Is b a prime number?
True
Let a = -13 - -13. Suppose 0 = -2*f - a*f. Suppose f = -2*h + 172 + 58. Is h a composite number?
True
Is 10688/10 - (-1)/(6 + -1) a composite number?
False
Let y be (7 - 4) + (2 - 0). Suppose -5*b + y*t - 20 = 0, b = -b - 3*t + 12. Suppose -z + 748 + 205 = b. Is z composite?
False
Let o = -1743 + 11546. Is o composite?
False
Let i = 23 - 21. Suppose i*k = -2*u - 1076, -4*k = 3*u + 2063 + 92. Is (k/4 + -3)*-4 a composite number?
True
Let s(j) be the second derivative of j**4/12 + 2*j**3/3 - 15*j**2 + 6*j. Is s(13) prime?
True
Suppose -118*v = -111*v - 3451. Is v prime?
False
Let h = -10 + 7. Let m be (3 - (-80)/(-3))*h. Suppose 0*l - l = q - 25, -3*q - 2*l = -m. Is q composite?
True
Let k(n) be the first derivative of -35*n**2/2 - 15*n - 9. Let o be k(-12). Suppose -d + w = -119 - o, 0 = 3*d + 4*w - 1593. Is d composite?
True
Is 30696/12*2/4 a prime number?
True
Suppose 43*l = 32*l + 56507. Is l a composite number?
True
Let x be (849/5)/(6/30). Suppose -4*v + x = q, 4*q + 824 = 2*v + 2*v. Is v prime?
True
Let v(a) = a**2 - 4*a + 3. Let h be v(4). Is 8/(-2) - -281*h prime?
True
Let s(m) = -560*m - 2. Let d be s(-1). Suppose d + 663 = 3*u. Is u a composite number?
True
Let a(h) = 7*h**2 - 8*h + 13. Let p = 0 + 10. Is a(p) a prime number?
False
Suppose 4*n + 3*l = 28, n + 36 = 6*n + 4*l. Suppose d = b - 119, 5*b - 530 - 101 = -n*d. Is b a prime number?
False
Let u = 1278 + -669. Suppose -5*p = -336 - 2154. Suppose 6*f = f + 2*k + u, 2*k - p = -4*f. Is f composite?
True
Suppose -w - 3*j + 1140 = -j, 4605 = 4*w - j. Suppose -4*l + 4*p = -4596, -l + 0*l + w = -2*p. Suppose -3*k = k - l. Is k prime?
False
Let h(y) = -227*y - 204. Is h(-38) composite?
True
Let z(s) = -s**3 - 35*s**2 + 133*s - 9. Is z(-40) prime?
True
Is (79543/34)/(2*1/4) prime?
True
Let a = 370 + -668. Let r = a + 555. Is r composite?
False
Suppose 4*a - 3*o = 2*a - 13, 17 = -3*a + 4*o. Is 2/3 - a*379/(-3) a composite number?
False
Let z be ((-10)/(-2) - 2) + 3 + -578. Let h = z + 965. Is h composite?
True
Suppose 0 = 2*o - o. Suppose -m + 7*m - 42 = o. Is m prime?
True
Let f(z) = -5*z + 10. Let x(o) = 6*o - 9. Let n(t) = -4*f(t) - 3*x(t). Let u be n(9). Suppose 4447 = u*v - 28. Is v a prime number?
False
Let l be ((-6)/4)/(2/40). Let p = -2 - l. Suppose p = -d + 51. Is d a composite number?
False
Let z = 89345 + -56518. Is z a composite number?
True
Let m